mon factor of 1608896520 and 330.
330
Calculate the greatest common divisor of 35175 and 103425.
525
What is the greatest common factor of 41724 and 11491668?
2196
Calculate the highest common divisor of 4 and 8504527.
1
What is the highest common factor of 8621376 and 576?
192
What is the greatest common factor of 425968 and 268?
4
What is the greatest common divisor of 9905 and 315?
35
Calculate the highest common divisor of 4776 and 445362.
1194
What is the highest common factor of 14473578 and 798?
42
Calculate the highest common factor of 351 and 64486503.
27
Calculate the greatest common divisor of 100953 and 1260043.
3739
Calculate the greatest common factor of 29630 and 68581598.
5926
Calculate the greatest common factor of 12514720 and 42656.
1376
Calculate the greatest common factor of 5162 and 196910.
58
What is the greatest common divisor of 107540 and 26220?
380
What is the greatest common divisor of 534 and 15889971?
267
Calculate the highest common divisor of 532426 and 35916.
82
Calculate the highest common divisor of 9213 and 958650.
249
Calculate the highest common factor of 2 and 264522214.
2
Calculate the highest common divisor of 243 and 103560606.
81
What is the greatest common divisor of 108 and 122339754?
54
What is the highest common divisor of 344421 and 98?
49
Calculate the highest common divisor of 56 and 35705096.
56
What is the greatest common factor of 3679 and 175201?
13
Calculate the greatest common divisor of 55720761 and 67317.
3543
Calculate the highest common divisor of 8732 and 5587.
37
What is the highest common divisor of 128147894 and 5997?
1999
What is the greatest common divisor of 13166 and 2609138?
454
Calculate the highest common divisor of 72 and 61769748.
12
Calculate the highest common factor of 2782 and 31202698.
214
What is the greatest common divisor of 2925496 and 488168?
3512
What is the highest common factor of 27586 and 2054?
26
Calculate the greatest common factor of 480653 and 2158.
83
What is the greatest common divisor of 22477 and 68523?
91
Calculate the highest common divisor of 55721570 and 2.
2
What is the greatest common divisor of 102641 and 107074?
341
What is the greatest common divisor of 1081920 and 50190?
210
Calculate the highest common factor of 27440 and 7690.
10
What is the highest common factor of 29 and 76444?
29
What is the greatest common factor of 1772669 and 26536?
107
Calculate the greatest common factor of 14593860 and 4.
4
Calculate the greatest common divisor of 7 and 10914253.
7
What is the highest common factor of 124263974 and 1996?
998
Calculate the greatest common divisor of 643964519 and 341.
341
Calculate the greatest common divisor of 348309 and 14703.
507
What is the greatest common factor of 21155 and 10?
5
What is the highest common factor of 6858 and 248956830?
2286
Calculate the greatest common factor of 195951 and 47543181.
4557
What is the greatest common divisor of 5 and 1846795?
5
What is the highest common factor of 3003 and 666094?
143
What is the greatest common divisor of 21534 and 4105446?
222
What is the greatest common divisor of 1018 and 28853683?
509
Calculate the highest common factor of 4599951 and 888.
111
What is the highest common divisor of 2751 and 1578851169?
2751
What is the highest common divisor of 6144 and 3732?
12
What is the greatest common divisor of 28349606 and 139?
139
Calculate the highest common factor of 13899918 and 6.
6
What is the highest common factor of 2717 and 6741878?
143
Calculate the greatest common divisor of 2835176 and 10872.
1208
Calculate the highest common divisor of 569734 and 314621.
551
Calculate the highest common divisor of 408065 and 2049495.
4585
What is the greatest common divisor of 102157 and 83081?
251
What is the greatest common divisor of 21431 and 890495?
739
Calculate the highest common factor of 1159 and 16099913.
61
What is the highest common factor of 1642 and 3745402?
1642
Calculate the greatest common divisor of 48 and 34540184.
8
Calculate the highest common factor of 10208 and 3874574.
638
What is the greatest common divisor of 288 and 414590256?
144
Calculate the greatest common divisor of 40301 and 3624225.
191
Calculate the greatest common divisor of 2988 and 60655653.
747
Calculate the greatest common divisor of 91369566 and 738.
738
Calculate the highest common factor of 37752307 and 21332.
5333
What is the greatest common factor of 2213587 and 2023?
17
What is the greatest common factor of 49682178 and 1040?
26
Calculate the greatest common divisor of 666298 and 850.
34
Calculate the greatest common factor of 540204 and 1962.
654
What is the greatest common divisor of 973 and 1298864511?
973
Calculate the highest common factor of 21648 and 110748.
132
What is the highest common factor of 6534 and 34039368?
198
What is the highest common factor of 132 and 621?
3
What is the greatest common factor of 5757438 and 8?
2
Calculate the greatest common factor of 779960 and 16683115.
5735
Calculate the greatest common divisor of 125 and 1220390.
5
Calculate the highest common divisor of 79915500 and 78260.
6020
What is the greatest common factor of 298 and 59711154?
298
Calculate the highest common factor of 350 and 254207450.
350
What is the greatest common divisor of 67118 and 6133134?
1814
Calculate the greatest common divisor of 171 and 90478.
19
What is the greatest common factor of 27318291 and 156?
39
Calculate the greatest common factor of 523 and 132435629.
523
Calculate the highest common divisor of 5662 and 571015531.
2831
Calculate the greatest common divisor of 85871 and 1548.
43
Calculate the highest common divisor of 30 and 2625195.
15
Calculate the greatest common factor of 226922 and 29714.
166
What is the greatest common factor of 15709929 and 1353?
123
What is the greatest common divisor of 53704 and 30296?
56
What is the greatest common divisor of 157652 and 523072?
44
Calculate the highest common divisor of 11110 and 10613585.
505
Calculate the highest common factor of 7056 and 15317680.
112
What is the greatest common factor of 9 and 2975379?
3
What is the highest common factor of 67651378 and 54792?
1522
What is the greatest common factor of 1280 and 1651402880?
640
Calculate the greatest common divisor of 98729106 and 60294.
4638
Calculate the highest common factor of 166933 and 481.
13
Calculate the highest common divisor of 231 and 34205721.
33
Calculate the highest common divisor of 2964 and 13247104.
988
Calculate the highest common factor of 182880039 and 4281.
4281
What is the greatest common divisor of 19189582 and 4636?
38
Calculate the highest common divisor of 47454431 and 1343.
79
What is the greatest common factor of 10046166 and 66729?
2301
What is the highest common divisor of 246 and 69646413?
123
Calculate the greatest common factor of 1422 and 4529702.
158
What is the greatest common divisor of 28 and 53328716?
28
Calculate the greatest common factor of 70 and 601949656.
14
What is the highest common factor of 25740 and 4039893?
1287
Calculate the highest common divisor of 6104 and 22592648.
872
What is the highest common divisor of 2544 and 792768?
48
Calculate the greatest common factor of 4146 and 743294880.
4146
What is the highest common divisor of 3360335 and 5885?
5885
What is the greatest common factor of 14145 and 6118635?
615
Calculate the highest common factor of 39559696 and 6864.
176
What is the highest common factor of 21696 and 6582?
6
Calculate the greatest common factor of 2940 and 792177855.
735
Calculate the highest common divisor of 206018 and 1027461.
239
Calculate the greatest common divisor of 1246 and 539938.
14
Calculate the greatest common factor of 88514360 and 6512.
3256
What is the highest common factor of 19045 and 159835?
65
Calculate the greatest common divisor of 16856 and 148608.
344
Calculate the greatest common divisor of 802435 and 713.
31
Calculate the highest common factor of 21582 and 16122.
6
Calculate the highest common factor of 513903638 and 35528.
8882
Calculate the greatest common divisor of 11164 and 1676.
4
What is the highest common divisor of 3277428 and 504?
84
What is the highest common factor of 45080 and 164404?
92
What is the highest common divisor of 17878064 and 176?
16
Calculat